 -1000021012?
-122220021
In base 7, what is -6 + 221302331?
221302322
In base 8, what is 1562333 - -21?
1562354
In base 13, what is -318a7 - -26?
-31881
In base 5, what is -321412 - -1302340?
430423
In base 11, what is -37 + 4653961?
4653925
In base 4, what is -1 - 1230122203130?
-1230122203131
In base 7, what is 30141 - 13001?
14140
In base 12, what is 1509 - -3a?
1547
In base 4, what is 11310 - 2010133230?
-2010121320
In base 11, what is 1 - -15a51959?
15a5195a
In base 7, what is -61161 + 13151?
-45010
In base 6, what is 241032 + -40000?
201032
In base 5, what is -31113 + 4204?
-21404
In base 14, what is 3 + -5b13a10?
-5b13a0b
In base 10, what is -1791101 - -115?
-1790986
In base 7, what is -51206216 - -5?
-51206211
In base 7, what is -126502 - 1130?
-130632
In base 12, what is -420aa804 + -4?
-420aa808
In base 8, what is 613412 - 5?
613405
In base 8, what is -24 + -336532?
-336556
In base 2, what is -10100111011001101011 - -1110?
-10100111011001011101
In base 14, what is -5 - 35daa549?
-35daa550
In base 6, what is 1 - 30552154?
-30552153
In base 8, what is 6362 + 353?
6735
In base 13, what is -3a4739 - -23?
-3a4716
In base 7, what is -2301642034 + -3?
-2301642040
In base 4, what is 3023213202 + -3?
3023213133
In base 7, what is -24 + 1354020552?
1354020525
In base 4, what is 13030120000 - -113?
13030120113
In base 15, what is -1a - 587cc?
-587e7
In base 14, what is -231c9c1 - a?
-231c9cb
In base 2, what is -1001011011 + -110101110110100?
-110111000001111
In base 14, what is -6 - -616b20c?
616b206
In base 9, what is 7320 + -1744?
5465
In base 14, what is -44821 + -151?
-44972
In base 13, what is -6b9bc - -48?
-6b974
In base 9, what is 1 - -36385632?
36385633
In base 9, what is -208758 - 1170?
-211038
In base 7, what is -10 - -1155505064?
1155505054
In base 15, what is 322c + -1a77?
16a5
In base 2, what is -10001000101010 + -10101000001?
-10011101101011
In base 2, what is 11110011100111 - 10010011?
11110001010100
In base 2, what is -11 + -10101001110111010010100101?
-10101001110111010010101000
In base 6, what is -4 + 1323354414?
1323354410
In base 2, what is -10 - 1101010110101110110001?
-1101010110101110110011
In base 4, what is -1310212 - 1113003?
-3023221
In base 2, what is 11100110010011110101111 + -11?
11100110010011110101100
In base 15, what is 1173 + e557?
106ca
In base 9, what is -12432 - 1088?
-13531
In base 12, what is -b + -12360a4?
-12360b3
In base 14, what is 3c3b8 - 181?
3c237
In base 12, what is -26873 - 44?
-268b7
In base 3, what is 21210 + -120212101220?
-120212010010
In base 4, what is 133112220 + 11031?
133123311
In base 5, what is -44134423 + 42?
-44134331
In base 13, what is 202a2 - 5046?
18259
In base 7, what is 15 - -11301356?
11301404
In base 13, what is -5074 + -632?
-56a6
In base 8, what is 3 + 2071072?
2071075
In base 9, what is 14 - -5681703?
5681717
In base 13, what is 14 - -3b8251?
3b8265
In base 7, what is 2 + 2523144324?
2523144326
In base 9, what is 447 + -2873011?
-2872453
In base 8, what is 40 + 362105?
362145
In base 16, what is -2 - -4fcf378?
4fcf376
In base 8, what is 1 + 1070502?
1070503
In base 2, what is 1111100100101001011000010 - 0?
1111100100101001011000010
In base 4, what is -12 - 13202203001?
-13202203013
In base 4, what is -1133 - -2321333111?
2321331312
In base 6, what is -3305321 - 1224?
-3310545
In base 3, what is 112120102 - 1220122102?
-1101002000
In base 12, what is -15708 - 9a3?
-164ab
In base 13, what is -1380 - 193a?
-2cba
In base 8, what is 17475 - -111152?
130647
In base 8, what is 113201066 + 5?
113201073
In base 15, what is 5d - -bb8693?
bb8701
In base 12, what is -baa + 908b?
80a1
In base 9, what is -222 + 45675?
45453
In base 16, what is -14af - -1062?
-44d
In base 11, what is -1600 - 3218?
-4818
In base 2, what is -10000101101101011 + -111000110?
-10000110100110001
In base 3, what is -121020020120122022 - 11?
-121020020120122110
In base 14, what is -1d + 234b0b?
234acc
In base 16, what is -3 + -127cef44?
-127cef47
In base 16, what is -5 - -28d7c8?
28d7c3
In base 14, what is -47d3d + 127?
-47c16
In base 4, what is 3303301212 - 0?
3303301212
In base 2, what is 111110 + 1100110010011111?
1100110011011101
In base 16, what is -522 - -635e?
5e3c
In base 11, what is 21a + 34987?
350a6
In base 2, what is -1001 - 100010001101111000000?
-100010001101111001001
In base 16, what is 2 + e00fe?
e0100
In base 16, what is -72e6 - 461?
-7747
In base 5, what is 10144440 - 4?
10144431
In base 13, what is -6192 - -a2?
-60c0
In base 3, what is 121211200010122220 - 1?
121211200010122212
In base 3, what is -1110020 + -2012202?
-10122222
In base 3, what is -112110110200212 - -112?
-112110110200100
In base 6, what is 22053531440 - -10?
22053531450
In base 16, what is -4 - 23b9f02?
-23b9f06
In base 8, what is -4 - 251241?
-251245
In base 14, what is 1 - -1414959?
141495a
In base 6, what is -3 + 1450203551?
1450203544
In base 8, what is 31434 + -53?
31361
In base 15, what is 4951 + d68?
57b9
In base 12, what is -244790a - 4?
-2447912
In base 8, what is 7 + 237536334?
237536343
In base 5, what is -103134 + 101002?
-2132
In base 16, what is ae + 63ba?
6468
In base 9, what is -13517 + 13246?
-261
In base 8, what is 403 + 66342?
66745
In base 2, what is 10000 + -1010011011111100?
-1010011011101100
In base 13, what is ba9 + -2a097?
-291bb
In base 14, what is 49 + 42a21?
42a6a
In base 13, what is 5 - 5747287?
-5747282
In base 14, what is -1897b8 + -156?
-189930
In base 13, what is -140b3a28 + -8?
-140b3a33
In base 6, what is 20031154 + 2041?
20033235
In base 8, what is -10764 - 624741?
-635725
In base 15, what is -1bce6c4 - 2?
-1bce6c6
In base 10, what is 1036421 - -3?
1036424
In base 10, what is 115 + 43284?
43399
In base 13, what is 17406675 - 0?
17406675
In base 3, what is -1200211002 - 222212?
-1201210221
In base 6, what is -2302404 + 253?
-2302111
In base 7, what is -1445545424 - -6?
-1445545415
In base 9, what is 13386712 + 16?
13386728
In base 4, what is -1 - -2001112120213?
2001112120212
In base 3, what is 1 + -1021011100000110?
-1021011100000102
In base 5, what is -140240224230 - 1?
-140240224231
In base 16, what is 21 + 5bdf17?
5bdf38
In base 7, what is 3 + -3065022142?
-3065022136
In base 9, what is 38 - -6235412?
6235451
In base 10, what is -2 + -48417589?
-48417591
In base 8, what is -67111067 + 3?
-67111064
In base 2, what is 101011100111000110 + -1011110?
101011100101101000
In base 12, what is -3355 - -8660b?
83276
In base 4, what is -23303002112212 + 3?
-23303002112203
In base 12, what is -1 + -4290667?
-4290668
In base 13, what is 8a7 - -147587?
148161
In base 14, what is -32 + -2bda?
-2c2c
In base 15, what is 8cc79a1 - -3?
8cc79a4
In base 4, what is -3 - 12101321110?
-12101321113
In base 12, what is -5 - 486147?
-486150
In base 11, what is 41 + 206226?
206267
In base 12, what is 9 + 18b193?
18b1a0
In base 10, what is -2490 + -643?
-3133
In base 10, what is 3 + 40519185?
40519188
In base 11, what is -112a + -2502?
-3631
In base 16, what is -3 + e196c?
e1969
In base 8, what is -35771161 - -20?
-35771141
In base 14, what is 5 - -57a9578?
57a957d
In base 5, what is 122132024 - -13?
122132042
In base 6, what is 0 - 1113450124?
-1113450124
In base 12, what is -5 + 1627b?
16276
In base 6, what is 3 + 31450205?
31450212
In base 2, what is -10100000011100000101 + -10010101?
-10100000011110011010
In base 16, what is 4 - -698ca9?
698cad
In base 16, what is 86ad10c - -1?
86ad10d
In base 2, what is 1010011001001100100000100 + 11100?
1010011001001100100100000
In base 6, what is 11502532 + 103?
11503035
In base 14, what is 353b214 - 5?
353b20d
In base 12, what is -4445 - 485?
-490a
In base 3, what is -12000012200001022 + 11?
-12000012200001011
In base 6, what is -3130 - -2002150?
1555020
In base 14, what is -14 + -3371b?
-33731
In base 12, what is 74 - -b72a1?
b7355
In base 3, what is 1012202111 + -2002212?
1010122122
In base 2, what is -111110000100001 + 111101?
-111101111100100
In base 2, what is 11001000000011110011 - -1000010?
11001000000100110101
In base 15, what is 69da7 - 19?
69d8d
In base 5, what is 122240224232 - 4?
122240224223
In base 4, what is -10021123 + 11221?
-10003302
In base 5, what is -2334 + 12114412?
12112023
In base 5, what is -3411324 - -4424?
-3401400
In base 10, what is -122844 + 1